{"id":3441,"date":"2024-06-20T21:05:21","date_gmt":"2024-06-20T19:05:21","guid":{"rendered":"https:\/\/ussacyclo.fr\/?page_id=3441"},"modified":"2024-09-07T21:37:47","modified_gmt":"2024-09-07T19:37:47","slug":"bsa-2024","status":"publish","type":"page","link":"https:\/\/ussacyclo.fr\/?page_id=3441","title":{"rendered":"BSA 2024"},"content":{"rendered":"\n<hr class=\"wp-block-separator has-alpha-channel-opacity\" id=\"block-a31db6aa-f629-40a7-96f0-591de96e2afc\"\/>\n\n\n\n<h3 class=\"wp-block-heading\" id=\"block-2b9956dd-92c2-40e8-aa9e-bb604006b841\"><strong>Pr\u00e9sentation et informations<\/strong><\/h3>\n\n\n\n<p>En cas de question, n&rsquo;h\u00e9sitez pas \u00e0 nous contacter sur bsa@ussacyclo.fr<\/p>\n\n\n\n<p>Voici les traces gpx \u00e0 t\u00e9l\u00e9charger pour vos GPS :<\/p>\n\n\n\n<p><a href=\"https:\/\/ussacyclo.fr\/wp-content\/uploads\/gpx\/BSA2024-50.gpx\">Route 50 km<\/a>,\u00a0<a href=\"https:\/\/ussacyclo.fr\/wp-content\/uploads\/gpx\/BSA2024-75.gpx\">Route 70 km<\/a>,\u00a0<a href=\"https:\/\/ussacyclo.fr\/wp-content\/uploads\/gpx\/BSA2024-95.gpx\">Route 95 km<\/a><\/p>\n\n\n\n<p><a href=\"https:\/\/ussacyclo.fr\/wp-content\/uploads\/gpx\/BSA2024_Gravel_59k_482_vf1.gpx\">Gravel 60 km<\/a>, <a href=\"https:\/\/ussacyclo.fr\/wp-content\/uploads\/gpx\/BSA2024_Gravel_80k_V2.gpx\">Gravel 80 km<\/a><\/p>\n\n\n\n<p><a href=\"https:\/\/ussacyclo.fr\/wp-content\/uploads\/gpx\/bsa2024_VTT_70k_1070_vft.gpx\">VTT70km<\/a>, <a href=\"https:\/\/ussacyclo.fr\/wp-content\/uploads\/gpx\/bsa2024_VTT_55k_800_vft.gpx\">VTT55km<\/a>, <a href=\"https:\/\/ussacyclo.fr\/wp-content\/uploads\/gpx\/bsa2024_VTT_40k_550_vft.gpx\">VTT40km<\/a>, <a href=\"https:\/\/ussacyclo.fr\/wp-content\/uploads\/gpx\/bsa2024_VTT_25k_320_vft.gpx\">VTT25km<\/a>, <a href=\"https:\/\/ussacyclo.fr\/wp-content\/uploads\/gpx\/bsa2024_VTT_11k_100_vft.gpx\">VTT12km<\/a><\/p>\n\n\n\n<p><a href=\"https:\/\/ussacyclo.fr\/wp-content\/uploads\/gpx\/BSA2024_Marche_8k_100_vf1\">Marche 8km<\/a>, <a href=\"https:\/\/ussacyclo.fr\/wp-content\/uploads\/gpx\/BSA2024_Marche_10k_150_vf1.gpx\">Marche 10km<\/a><\/p>\n\n\n\n<figure class=\"wp-block-image size-large\"><a href=\"https:\/\/ussacyclo.fr\/wp-content\/uploads\/2024\/08\/Affiche-BSA2024_vf2.jpg\"><img loading=\"lazy\" decoding=\"async\" width=\"738\" height=\"1024\" src=\"https:\/\/ussacyclo.fr\/wp-content\/uploads\/2024\/08\/Affiche-BSA2024_vf2-738x1024.jpg\" alt=\"\" class=\"wp-image-3576\" srcset=\"https:\/\/ussacyclo.fr\/wp-content\/uploads\/2024\/08\/Affiche-BSA2024_vf2-738x1024.jpg 738w, https:\/\/ussacyclo.fr\/wp-content\/uploads\/2024\/08\/Affiche-BSA2024_vf2-216x300.jpg 216w, https:\/\/ussacyclo.fr\/wp-content\/uploads\/2024\/08\/Affiche-BSA2024_vf2-768x1066.jpg 768w, https:\/\/ussacyclo.fr\/wp-content\/uploads\/2024\/08\/Affiche-BSA2024_vf2-259x360.jpg 259w, https:\/\/ussacyclo.fr\/wp-content\/uploads\/2024\/08\/Affiche-BSA2024_vf2.jpg 885w\" sizes=\"auto, (max-width: 738px) 100vw, 738px\" \/><\/a><\/figure>\n\n\n\n<p id=\"block-37a0194d-6ee3-4644-b6ed-93e8d1c2362e\">Une organisation \u00e9co-responsable.<\/p>\n\n\n\n<p id=\"block-37a0194d-6ee3-4644-b6ed-93e8d1c2362e\"><strong>Les randonn\u00e9es du Bon St Arnoult<\/strong> sont organis\u00e9es dans l&rsquo;esprit qui caract\u00e9rise toutes les manifestations de la FFv\u00e9lo (F\u00e9d\u00e9ration Fran\u00e7aise de Cyclotourisme):<\/p>\n\n\n\n<ul class=\"wp-block-list\" id=\"block-4acfc8e2-b7f2-4661-a044-c49cf8dacb1a\">\n<li>pas de comp\u00e9tition, \u00e0 chacun son rythme<\/li>\n\n\n\n<li>s\u00e9curit\u00e9,<\/li>\n\n\n\n<li>convivialit\u00e9, courtoisie,<\/li>\n\n\n\n<li>respect des autres usagers (promeneurs, cavaliers, etc&#8230;)<\/li>\n\n\n\n<li>respect du code de la route<\/li>\n\n\n\n<li>respect de la nature<\/li>\n<\/ul>\n\n\n\n<p id=\"block-e678cd6a-55da-41e2-9884-c2575ad54a72\"><\/p>\n\n\n\n<hr class=\"wp-block-separator has-alpha-channel-opacity\" id=\"block-9a3a79ce-cd11-4a5a-a149-6b6b539ab362\"\/>\n\n\n\n<figure class=\"wp-block-image size-full\"><a href=\"https:\/\/ussacyclo.fr\/wp-content\/uploads\/2024\/06\/Tarifs-BSA-2024_vf-1.jpg\"><img loading=\"lazy\" decoding=\"async\" width=\"612\" height=\"277\" src=\"https:\/\/ussacyclo.fr\/wp-content\/uploads\/2024\/06\/Tarifs-BSA-2024_vf-1.jpg\" alt=\"\" class=\"wp-image-3487\" srcset=\"https:\/\/ussacyclo.fr\/wp-content\/uploads\/2024\/06\/Tarifs-BSA-2024_vf-1.jpg 612w, https:\/\/ussacyclo.fr\/wp-content\/uploads\/2024\/06\/Tarifs-BSA-2024_vf-1-300x136.jpg 300w\" sizes=\"auto, (max-width: 612px) 100vw, 612px\" \/><\/a><\/figure>\n\n\n\n<hr class=\"wp-block-separator has-alpha-channel-opacity\" id=\"block-cc91879a-2730-4530-bd3e-f5944ca9bd1f\"\/>\n\n\n\n<p id=\"block-968377e4-856f-4c8b-9fed-29a0d80e940e\"><strong>Pour votre s\u00e9curit\u00e9, le port du casque est obligatoire pour les Cyclos\/Gravel et VTTistes<\/strong><\/p>\n\n\n\n<pre class=\"wp-block-preformatted\"><strong><mark>Les inscription en ligne sont ouvertes jusqu'au samedi 7\/9 14h !<\/mark><\/strong><br>Les inscriptions en ligne sont <strong>obligatoires <\/strong>pour VTT 25\/40\/55\/70 pour Cyclo route 50\/70\/95 et pour Gravel 60\/80. <br><br><iframe id=\"haWidget\" allowtransparency=\"true\" src=\"https:\/\/www.helloasso.com\/associations\/ussa-cyclo-vtt\/evenements\/randos-du-bon-st-arnoult-bsa-2024\/widget-bouton\" style=\"width: 100%; height: 70px; border: none;\"><\/iframe><br><br><strong>Inscription sur place<\/strong> :<br>Les inscriptions possibles sur place (VTT 12, Marche 8\/10) ont lieu au stade \u00e0 partir de 7h00. <br><br>Des inscriptions sur place seront accept\u00e9es pour les autres parcours VTT, Cyclo et Gravel <strong>uniquement s'il y a des disponibilit\u00e9s<\/strong> et avec majoration des tarifs de 2 \u20ac. <br><br><strong>Nous vous associons \u00e0 notre d\u00e9marche pour des randonn\u00e9es \u00e9co-responsables; d\u00e9marche tellement n\u00e9cessaire pour notre plan\u00e8te ! Alors SVP, n'oubliez pas de venir avec votre gobelet r\u00e9utilisable, il vous sera n\u00e9cessaire pour boire aux points de ravitaillements.<\/strong><br><br><strong>Inscription club<\/strong> :<br>La feuille d'inscription r\u00e9serv\u00e9e aux clubs est disponible <a href=\"https:\/\/ussacyclo.fr\/wp-content\/uploads\/2024\/08\/Inscription-Club-BSA2024.pdf\"><strong>ici<\/strong><\/a>.   <\/pre>\n\n\n\n<p id=\"block-e34fbfa2-bb0c-41a8-a709-2ac0b4a930d3\">Les jeunes mineurs doivent \u00eatre accompagn\u00e9s d&rsquo;un adulte et pr\u00e9senter une autorisation parentale.<\/p>\n\n\n\n<hr class=\"wp-block-separator has-alpha-channel-opacity\" id=\"block-ed3e99f9-06ce-4af2-b577-043b3d93f8b1\"\/>\n\n\n\n<figure class=\"wp-block-image\" id=\"block-3d1c46e1-bc31-4dd1-a2fc-b6a90bc4ec2f\"><a href=\"https:\/\/ussacyclo.fr\/wp-content\/uploads\/2022\/08\/Route-50-70-95.jpg\"><img loading=\"lazy\" decoding=\"async\" width=\"538\" height=\"354\" src=\"https:\/\/ussacyclo.fr\/wp-content\/uploads\/2024\/06\/image.jpeg\" alt=\"L\u2019attribut alt de cette image est vide, son nom de fichier est Route-50-70-95.jpg.\" class=\"wp-image-3479\" srcset=\"https:\/\/ussacyclo.fr\/wp-content\/uploads\/2024\/06\/image.jpeg 538w, https:\/\/ussacyclo.fr\/wp-content\/uploads\/2024\/06\/image-300x197.jpeg 300w\" sizes=\"auto, (max-width: 538px) 100vw, 538px\" \/><\/a><\/figure>\n\n\n\n<p id=\"block-8c44b3e6-785d-440f-81f7-a3d61aba16d9\"><strong>Cyclo Route<\/strong>&nbsp;: 3 parcours balis\u00e9s de 50, 70 et 95 km.<\/p>\n\n\n\n<p id=\"block-8c44b3e6-785d-440f-81f7-a3d61aba16d9\">1 ravitaillement sur les parcours, ainsi qu&rsquo;\u00e0 l&rsquo;arriv\u00e9e.<\/p>\n\n\n\n<p>Voici les traces gpx \u00e0 t\u00e9l\u00e9charger pour vos GPS :&nbsp;<a href=\"https:\/\/ussacyclo.fr\/wp-content\/uploads\/gpx\/BSA2024-50.gpx\">Route 50 km<\/a>,&nbsp;<a href=\"https:\/\/ussacyclo.fr\/wp-content\/uploads\/gpx\/BSA2024-75.gpx\">Route 70 km<\/a>,&nbsp;<a href=\"https:\/\/ussacyclo.fr\/wp-content\/uploads\/gpx\/BSA2024-95.gpx\">Route 95 km<\/a><\/p>\n\n\n\n<figure class=\"wp-block-image size-full is-resized\"><a href=\"https:\/\/ussacyclo.fr\/wp-content\/uploads\/2024\/08\/BSA-Route-50.jpg\"><img loading=\"lazy\" decoding=\"async\" width=\"726\" height=\"687\" src=\"https:\/\/ussacyclo.fr\/wp-content\/uploads\/2024\/08\/BSA-Route-50.jpg\" alt=\"\" class=\"wp-image-3581\" style=\"width:409px;height:auto\" srcset=\"https:\/\/ussacyclo.fr\/wp-content\/uploads\/2024\/08\/BSA-Route-50.jpg 726w, https:\/\/ussacyclo.fr\/wp-content\/uploads\/2024\/08\/BSA-Route-50-300x284.jpg 300w, https:\/\/ussacyclo.fr\/wp-content\/uploads\/2024\/08\/BSA-Route-50-380x360.jpg 380w\" sizes=\"auto, (max-width: 726px) 100vw, 726px\" \/><\/a><figcaption class=\"wp-element-caption\">Parcours 50 km<\/figcaption><\/figure>\n\n\n\n<figure class=\"wp-block-image size-large is-resized\"><a href=\"https:\/\/ussacyclo.fr\/wp-content\/uploads\/2024\/08\/BSA2024-Route-95-75.jpg\"><img loading=\"lazy\" decoding=\"async\" width=\"1024\" height=\"403\" src=\"https:\/\/ussacyclo.fr\/wp-content\/uploads\/2024\/08\/BSA2024-Route-95-75-1024x403.jpg\" alt=\"\" class=\"wp-image-3582\" style=\"width:818px;height:auto\" srcset=\"https:\/\/ussacyclo.fr\/wp-content\/uploads\/2024\/08\/BSA2024-Route-95-75-1024x403.jpg 1024w, https:\/\/ussacyclo.fr\/wp-content\/uploads\/2024\/08\/BSA2024-Route-95-75-300x118.jpg 300w, https:\/\/ussacyclo.fr\/wp-content\/uploads\/2024\/08\/BSA2024-Route-95-75-768x302.jpg 768w, https:\/\/ussacyclo.fr\/wp-content\/uploads\/2024\/08\/BSA2024-Route-95-75-1536x605.jpg 1536w, https:\/\/ussacyclo.fr\/wp-content\/uploads\/2024\/08\/BSA2024-Route-95-75-914x360.jpg 914w, https:\/\/ussacyclo.fr\/wp-content\/uploads\/2024\/08\/BSA2024-Route-95-75.jpg 1910w\" sizes=\"auto, (max-width: 1024px) 100vw, 1024px\" \/><\/a><figcaption class=\"wp-element-caption\">Parcours 70 &amp; 95 km<\/figcaption><\/figure>\n\n\n\n<hr class=\"wp-block-separator has-alpha-channel-opacity\"\/>\n\n\n\n<figure class=\"wp-block-image size-full\"><a href=\"https:\/\/ussacyclo.fr\/wp-content\/uploads\/2024\/06\/Image-Gravel-60-80_V1.jpg\"><img loading=\"lazy\" decoding=\"async\" width=\"466\" height=\"454\" src=\"https:\/\/ussacyclo.fr\/wp-content\/uploads\/2024\/06\/Image-Gravel-60-80_V1.jpg\" alt=\"\" class=\"wp-image-3477\" srcset=\"https:\/\/ussacyclo.fr\/wp-content\/uploads\/2024\/06\/Image-Gravel-60-80_V1.jpg 466w, https:\/\/ussacyclo.fr\/wp-content\/uploads\/2024\/06\/Image-Gravel-60-80_V1-300x292.jpg 300w, https:\/\/ussacyclo.fr\/wp-content\/uploads\/2024\/06\/Image-Gravel-60-80_V1-370x360.jpg 370w\" sizes=\"auto, (max-width: 466px) 100vw, 466px\" \/><\/a><\/figure>\n\n\n\n<p>Gravel : 2 parcours non balis\u00e9s (traces gpx fournies quelques jours avant la rando) de 60 et 80 km.<\/p>\n\n\n\n<p>1 ravitaillement sur les parcours, ainsi qu&rsquo;\u00e0 l&rsquo;arriv\u00e9e.<\/p>\n\n\n\n<p>Voici les traces gpx \u00e0 t\u00e9l\u00e9charger pour vos GPS : <a href=\"https:\/\/ussacyclo.fr\/wp-content\/uploads\/gpx\/BSA2024_Gravel_59k_482_vf1.gpx\">Gravel 60 km<\/a>, <a href=\"https:\/\/ussacyclo.fr\/wp-content\/uploads\/gpx\/BSA2024_Gravel_80k_V2.gpx\">Gravel 80 km<\/a><br><\/p>\n\n\n\n<figure class=\"wp-block-image size-large\"><a href=\"https:\/\/ussacyclo.fr\/wp-content\/uploads\/2024\/08\/Parcours-Gravel-80k-60k_v1.jpg\"><img loading=\"lazy\" decoding=\"async\" width=\"1024\" height=\"625\" src=\"https:\/\/ussacyclo.fr\/wp-content\/uploads\/2024\/08\/Parcours-Gravel-80k-60k_v1-1024x625.jpg\" alt=\"\" class=\"wp-image-3584\" srcset=\"https:\/\/ussacyclo.fr\/wp-content\/uploads\/2024\/08\/Parcours-Gravel-80k-60k_v1-1024x625.jpg 1024w, https:\/\/ussacyclo.fr\/wp-content\/uploads\/2024\/08\/Parcours-Gravel-80k-60k_v1-300x183.jpg 300w, https:\/\/ussacyclo.fr\/wp-content\/uploads\/2024\/08\/Parcours-Gravel-80k-60k_v1-768x468.jpg 768w, https:\/\/ussacyclo.fr\/wp-content\/uploads\/2024\/08\/Parcours-Gravel-80k-60k_v1-590x360.jpg 590w, https:\/\/ussacyclo.fr\/wp-content\/uploads\/2024\/08\/Parcours-Gravel-80k-60k_v1.jpg 1441w\" sizes=\"auto, (max-width: 1024px) 100vw, 1024px\" \/><\/a><\/figure>\n\n\n\n<hr class=\"wp-block-separator has-alpha-channel-opacity\" id=\"block-fdc804fa-0576-4ed1-ba3a-dfe83dd7205e\"\/>\n\n\n\n<figure class=\"wp-block-image\" id=\"block-0dc99c1b-3640-405b-8047-64102914c314\"><img decoding=\"async\" src=\"http:\/\/ussacyclo.fr\/wp-content\/uploads\/2019\/08\/VTT-stylis%C3%A9e.jpg\" alt=\"L\u2019attribut alt de cette image est vide, son nom de fichier est VTT-stylis%C3%A9e.jpg.\"\/><\/figure>\n\n\n\n<p id=\"block-b26e6ccc-c376-47d6-925f-1bbddc399b37\"><strong>VTT<\/strong>&nbsp;: 5 parcours balis\u00e9s de 12, 25, 40, 55 et 70 km \u00e0 travers les for\u00eats de St Benoit, Rochefort, Rambouillet, Ronqueux, Noncienne et Angervilliers.<\/p>\n\n\n\n<p>Voici les traces gpx \u00e0 t\u00e9l\u00e9charger pour vos GPS : <a href=\"https:\/\/ussacyclo.fr\/wp-content\/uploads\/gpx\/bsa2024_VTT_70k_1070_vft.gpx\">VTT70km<\/a>, <a href=\"https:\/\/ussacyclo.fr\/wp-content\/uploads\/gpx\/bsa2024_VTT_55k_800_vft.gpx\">VTT55km<\/a>, <a href=\"https:\/\/ussacyclo.fr\/wp-content\/uploads\/gpx\/bsa2024_VTT_40k_550_vft.gpx\">VTT40km<\/a>, <a href=\"https:\/\/ussacyclo.fr\/wp-content\/uploads\/gpx\/bsa2024_VTT_25k_320_vft.gpx\">VTT25km<\/a>, <a href=\"https:\/\/ussacyclo.fr\/wp-content\/uploads\/gpx\/bsa2024_VTT_11k_100_vft.gpx\">VTT12km<\/a><\/p>\n\n\n\n<figure class=\"wp-block-table\"><table><tbody><tr><td>7<strong>0 KM [ XL ] : parcours marathon<\/strong><br>Ce parcours est taill\u00e9 pour les mollets les plus aff\u00fbt\u00e9s avec environ 1100 m de D+.<br>3 ravitaillements sur le parcours aux km 19, 38 et 53, ainsi qu&rsquo;\u00e0 l&rsquo;arriv\u00e9e.<br><\/td><\/tr><tr><td><strong>55 KM [ L] : parcours sportif<\/strong><br>Avec environ 800 m de D+, ce parcours exigeant est fait pour ceux qui pratiquent r\u00e9guli\u00e8rement le VTT sur des distances et des d\u00e9nivel\u00e9s similaires.<br>2 ravitaillements sur le parcours aux km 19 et 41, ainsi qu&rsquo;\u00e0 l&rsquo;arriv\u00e9e.<br><\/td><\/tr><tr><td><strong>40 KM [ M] : parcours loisirs<\/strong><br>Avec environ 550 m de D+, ce parcours devrait satisfaire tous ceux qui pratiquent r\u00e9guli\u00e8rement le VTT sur des distances proches de celle qui est propos\u00e9e.<br>1 ravitaillement sur le parcours au km 19, ainsi qu&rsquo;\u00e0 l&rsquo;arriv\u00e9e.<br><\/td><\/tr><tr><td><strong>25 KM [ S ] : parcours familial<\/strong><br>Ce parcours est id\u00e9al pour les amateurs de sorties familiales mais ne n\u00e9gligez pas les 350m de d\u00e9nivel\u00e9 positif.<br>1 ravitaillement sur le parcours au km 14, ainsi qu&rsquo;\u00e0 l&rsquo;arriv\u00e9e.<br><\/td><\/tr><tr><td><strong>12 KM [ XS ] : parcours d\u00e9couverte<\/strong><br>Ce parcours d&rsquo;une dizaine de km est recommand\u00e9 \u00e0 ceux qui veulent faire une sortie avec de jeunes enfants ou d\u00e9couvrir le VTT.<br>Un ravitaillement vous sera propos\u00e9 \u00e0 l&rsquo;arriv\u00e9e.<\/td><\/tr><\/tbody><\/table><\/figure>\n\n\n\n<figure class=\"wp-block-image size-large\"><a href=\"https:\/\/ussacyclo.fr\/wp-content\/uploads\/2024\/08\/BSA2024_Carte_VTT_vf1-scaled.jpg\"><img loading=\"lazy\" decoding=\"async\" width=\"1024\" height=\"864\" src=\"https:\/\/ussacyclo.fr\/wp-content\/uploads\/2024\/08\/BSA2024_Carte_VTT_vf1-1024x864.jpg\" alt=\"\" class=\"wp-image-3586\" srcset=\"https:\/\/ussacyclo.fr\/wp-content\/uploads\/2024\/08\/BSA2024_Carte_VTT_vf1-1024x864.jpg 1024w, https:\/\/ussacyclo.fr\/wp-content\/uploads\/2024\/08\/BSA2024_Carte_VTT_vf1-300x253.jpg 300w, https:\/\/ussacyclo.fr\/wp-content\/uploads\/2024\/08\/BSA2024_Carte_VTT_vf1-768x648.jpg 768w, https:\/\/ussacyclo.fr\/wp-content\/uploads\/2024\/08\/BSA2024_Carte_VTT_vf1-1536x1296.jpg 1536w, https:\/\/ussacyclo.fr\/wp-content\/uploads\/2024\/08\/BSA2024_Carte_VTT_vf1-2048x1729.jpg 2048w, https:\/\/ussacyclo.fr\/wp-content\/uploads\/2024\/08\/BSA2024_Carte_VTT_vf1-427x360.jpg 427w\" sizes=\"auto, (max-width: 1024px) 100vw, 1024px\" \/><\/a><\/figure>\n\n\n\n<hr class=\"wp-block-separator is-style-wide\"\/>\n\n\n\n<figure class=\"wp-block-image size-full\" id=\"block-42e8e402-789b-43a5-acea-946697b28a80\"><img loading=\"lazy\" decoding=\"async\" width=\"696\" height=\"684\" src=\"https:\/\/ussacyclo.fr\/wp-content\/uploads\/2024\/08\/Image-Marche_8-10km_v1.png\" alt=\"\" class=\"wp-image-3579\" srcset=\"https:\/\/ussacyclo.fr\/wp-content\/uploads\/2024\/08\/Image-Marche_8-10km_v1.png 696w, https:\/\/ussacyclo.fr\/wp-content\/uploads\/2024\/08\/Image-Marche_8-10km_v1-300x295.png 300w, https:\/\/ussacyclo.fr\/wp-content\/uploads\/2024\/08\/Image-Marche_8-10km_v1-366x360.png 366w\" sizes=\"auto, (max-width: 696px) 100vw, 696px\" \/><\/figure>\n\n\n\n<p id=\"block-52a7812f-0de3-4233-9130-49fea2fcd108\"><strong>Marche<\/strong>&nbsp;: 2 parcours balis\u00e9s de 8 et 10 km.<\/p>\n\n\n\n<p>Voici les traces gpx \u00e0 t\u00e9l\u00e9charger pour vos GPS : <a href=\"https:\/\/ussacyclo.fr\/wp-content\/uploads\/gpx\/BSA2024_Marche_8k_100_vf1\">Marche 8km<\/a>, <a href=\"https:\/\/ussacyclo.fr\/wp-content\/uploads\/gpx\/BSA2024_Marche_10k_150_vf1.gpx\">Marche 10km<\/a><\/p>\n\n\n\n<hr class=\"wp-block-separator has-alpha-channel-opacity\" id=\"block-a03dc684-ece5-4d60-9f60-91d95cd6d887\"\/>\n\n\n\n<p id=\"block-d023de45-0927-4384-926e-126b6f6bb055\"><\/p>\n","protected":false},"excerpt":{"rendered":"<p>Pr\u00e9sentation et informations En cas de question, n&rsquo;h\u00e9sitez pas \u00e0 nous contacter sur bsa@ussacyclo.fr Voici les traces gpx \u00e0 t\u00e9l\u00e9charger pour vos GPS : Route 50 km,\u00a0Route 70 km,\u00a0Route 95 km Gravel 60 km, Gravel 80 km VTT70km, VTT55km, VTT40km,&hellip;  <\/p>\n<p class=\"more-link\"><a href=\"https:\/\/ussacyclo.fr\/?page_id=3441\">Lire la suite <span class=\"meta-nav\">&rarr;<\/span><\/a><\/p>\n","protected":false},"author":163,"featured_media":0,"parent":0,"menu_order":0,"comment_status":"closed","ping_status":"closed","template":"","meta":{"footnotes":""},"class_list":["post-3441","page","type-page","status-publish","hentry"],"_links":{"self":[{"href":"https:\/\/ussacyclo.fr\/index.php?rest_route=\/wp\/v2\/pages\/3441","targetHints":{"allow":["GET"]}}],"collection":[{"href":"https:\/\/ussacyclo.fr\/index.php?rest_route=\/wp\/v2\/pages"}],"about":[{"href":"https:\/\/ussacyclo.fr\/index.php?rest_route=\/wp\/v2\/types\/page"}],"author":[{"embeddable":true,"href":"https:\/\/ussacyclo.fr\/index.php?rest_route=\/wp\/v2\/users\/163"}],"replies":[{"embeddable":true,"href":"https:\/\/ussacyclo.fr\/index.php?rest_route=%2Fwp%2Fv2%2Fcomments&post=3441"}],"version-history":[{"count":36,"href":"https:\/\/ussacyclo.fr\/index.php?rest_route=\/wp\/v2\/pages\/3441\/revisions"}],"predecessor-version":[{"id":3655,"href":"https:\/\/ussacyclo.fr\/index.php?rest_route=\/wp\/v2\/pages\/3441\/revisions\/3655"}],"wp:attachment":[{"href":"https:\/\/ussacyclo.fr\/index.php?rest_route=%2Fwp%2Fv2%2Fmedia&parent=3441"}],"curies":[{"name":"wp","href":"https:\/\/api.w.org\/{rel}","templated":true}]}}