{"id":551,"date":"2015-11-03T07:05:28","date_gmt":"2015-11-03T06:05:28","guid":{"rendered":"http:\/\/ussacyclo.fr\/?page_id=551"},"modified":"2016-05-11T09:03:26","modified_gmt":"2016-05-11T07:03:26","slug":"technique-mecanique","status":"publish","type":"page","link":"https:\/\/ussacyclo.fr\/?page_id=551","title":{"rendered":"Technique, m\u00e9canique\u2026"},"content":{"rendered":"<p>Un excellent ouvrage sur la biom\u00e9canique du cycliste \u00e9dit\u00e9 par la FFCT mais aussi consultable sur Internet, <a href=\"http:\/\/www.piednoir.com\" target=\"_blank\">\u00abP\u00e9daler intelligent : la biom\u00e9canique du cycliste\u00bb de Fran\u00e7ois Piednoir<\/a>. Sa lecture est parfois ardue mais vaut le d\u00e9tour.<\/p>\n<p>Quelques <a href=\"http:\/\/ussacyclo.fr\/?page_id=365\">conseils \u00e0 l&rsquo;usage des VTTistes : \u00e9quipement, entretien<\/a>&#8230;.<\/p>\n<p>Un document \u00e9dit\u00e9 par la FFCT sur <a href=\"http:\/\/ussacyclo.fr\/wp-content\/uploads\/2016\/05\/BIEN-UTILISER-UN-CARDIOFREQUENCEMETRE.pdf\">la bonne utilisation d&rsquo;un cardiofr\u00e9quencem\u00e8tre<\/a>.<\/p>\n","protected":false},"excerpt":{"rendered":"<p>Un excellent ouvrage sur la biom\u00e9canique du cycliste \u00e9dit\u00e9 par la FFCT mais aussi consultable sur Internet, \u00abP\u00e9daler intelligent : la biom\u00e9canique du cycliste\u00bb de Fran\u00e7ois Piednoir. Sa lecture est parfois ardue mais vaut le d\u00e9tour. Quelques conseils \u00e0 l&rsquo;usage&hellip;  <\/p>\n<p class=\"more-link\"><a href=\"https:\/\/ussacyclo.fr\/?page_id=551\">Lire la suite <span class=\"meta-nav\">&rarr;<\/span><\/a><\/p>\n","protected":false},"author":163,"featured_media":0,"parent":0,"menu_order":0,"comment_status":"closed","ping_status":"closed","template":"","meta":{"footnotes":""},"class_list":["post-551","page","type-page","status-publish","hentry"],"_links":{"self":[{"href":"https:\/\/ussacyclo.fr\/index.php?rest_route=\/wp\/v2\/pages\/551","targetHints":{"allow":["GET"]}}],"collection":[{"href":"https:\/\/ussacyclo.fr\/index.php?rest_route=\/wp\/v2\/pages"}],"about":[{"href":"https:\/\/ussacyclo.fr\/index.php?rest_route=\/wp\/v2\/types\/page"}],"author":[{"embeddable":true,"href":"https:\/\/ussacyclo.fr\/index.php?rest_route=\/wp\/v2\/users\/163"}],"replies":[{"embeddable":true,"href":"https:\/\/ussacyclo.fr\/index.php?rest_route=%2Fwp%2Fv2%2Fcomments&post=551"}],"version-history":[{"count":6,"href":"https:\/\/ussacyclo.fr\/index.php?rest_route=\/wp\/v2\/pages\/551\/revisions"}],"predecessor-version":[{"id":688,"href":"https:\/\/ussacyclo.fr\/index.php?rest_route=\/wp\/v2\/pages\/551\/revisions\/688"}],"wp:attachment":[{"href":"https:\/\/ussacyclo.fr\/index.php?rest_route=%2Fwp%2Fv2%2Fmedia&parent=551"}],"curies":[{"name":"wp","href":"https:\/\/api.w.org\/{rel}","templated":true}]}}