{"id":786,"date":"2017-02-24T16:03:41","date_gmt":"2017-02-24T15:03:41","guid":{"rendered":"http:\/\/ussacyclo.fr\/?page_id=786"},"modified":"2025-09-01T12:19:27","modified_gmt":"2025-09-01T10:19:27","slug":"tarifs","status":"publish","type":"page","link":"https:\/\/ussacyclo.fr\/?page_id=786","title":{"rendered":"Inscriptions"},"content":{"rendered":"\n<p>Lien pour une inscription en ligne via le site internet MonClub :<br><a href=\"https:\/\/ussa.monclub.app\/subscription\/6262d65d147e440021595981\" target=\"_blank\" rel=\"noreferrer noopener\">https:\/\/ussa.monclub.app\/subscription\/6262d65d147e440021595981<\/a><\/p>\n\n\n\n<figure class=\"wp-block-image size-full is-resized\"><a href=\"https:\/\/ussacyclo.fr\/wp-content\/uploads\/2025\/07\/Screenshot-2025-07-02-at-17-24-44-Tarifs-detail-2025-26.pdf.png\"><img loading=\"lazy\" decoding=\"async\" width=\"885\" height=\"544\" src=\"https:\/\/ussacyclo.fr\/wp-content\/uploads\/2025\/07\/Screenshot-2025-07-02-at-17-24-44-Tarifs-detail-2025-26.pdf.png\" alt=\"\" class=\"wp-image-4174\" style=\"width:669px;height:auto\" srcset=\"https:\/\/ussacyclo.fr\/wp-content\/uploads\/2025\/07\/Screenshot-2025-07-02-at-17-24-44-Tarifs-detail-2025-26.pdf.png 885w, https:\/\/ussacyclo.fr\/wp-content\/uploads\/2025\/07\/Screenshot-2025-07-02-at-17-24-44-Tarifs-detail-2025-26.pdf-300x184.png 300w, https:\/\/ussacyclo.fr\/wp-content\/uploads\/2025\/07\/Screenshot-2025-07-02-at-17-24-44-Tarifs-detail-2025-26.pdf-768x472.png 768w, https:\/\/ussacyclo.fr\/wp-content\/uploads\/2025\/07\/Screenshot-2025-07-02-at-17-24-44-Tarifs-detail-2025-26.pdf-586x360.png 586w\" sizes=\"auto, (max-width: 885px) 100vw, 885px\" \/><\/a><\/figure>\n\n\n\n<h2 class=\"wp-block-heading has-vivid-purple-color has-text-color has-link-color wp-elements-be83aa30a61f8d88161b2e3feb7d8edf\">Saison 2025\/26 : <strong>documents \u00e0 t\u00e9l\u00e9charger<\/strong><\/h2>\n\n\n\n<h3 class=\"wp-block-heading has-vivid-cyan-blue-color has-text-color has-link-color wp-elements-ee47505f396e53f19c3317e2228bc961\">Dossier d&rsquo;inscription adultes<\/h3>\n\n\n\n<p><a href=\"https:\/\/ussacyclo.fr\/wp-content\/uploads\/2025\/07\/bulletin-dadhesion-2025-2026.docx\">Bulletin d&rsquo;adh\u00e9sion <\/a><\/p>\n\n\n\n<p><a href=\"https:\/\/ussacyclo.fr\/wp-content\/uploads\/2025\/07\/Resume-notice-dinformation-assurance-a-signer.pdf\">R\u00e9sum\u00e9 notice d&rsquo;information assurance \u00e0 signer<\/a><\/p>\n\n\n\n<p><a href=\"https:\/\/ussacyclo.fr\/wp-content\/uploads\/2025\/07\/Questionnaire-sante_majeurs-et-attestation.pdf\">Questionnaire de sant\u00e9<\/a><\/p>\n\n\n\n<h3 class=\"wp-block-heading has-vivid-cyan-blue-color has-text-color has-link-color wp-elements-66d3921ffabcb5fcb58d98f4e7781484\">Dossier d&rsquo;inscription \u00e9cole VTT<\/h3>\n\n\n\n<p><a href=\"https:\/\/ussacyclo.fr\/wp-content\/uploads\/2025\/07\/bulletin-dadhesion-2025-2026.docx\">Bulletin d&rsquo;adh\u00e9sion <\/a><\/p>\n\n\n\n<p><a href=\"https:\/\/ussacyclo.fr\/wp-content\/uploads\/2025\/07\/Resume-notice-dinformation-assurance-a-signer.pdf\">R\u00e9sum\u00e9 notice d&rsquo;information assurance \u00e0 signer<\/a><\/p>\n\n\n\n<p><a href=\"https:\/\/ussacyclo.fr\/wp-content\/uploads\/2025\/07\/Questionnaire-de-sante.pdf\">Questionnaire de sant\u00e9<\/a><\/p>\n\n\n\n<p><a href=\"https:\/\/ussacyclo.fr\/wp-content\/uploads\/2024\/07\/Fiche-de-renseignements.pdf\">Fiche de renseignements<\/a><\/p>\n\n\n\n<p><a href=\"https:\/\/ussacyclo.fr\/wp-content\/uploads\/2024\/07\/Code-de-bonne-conduite-et-reglement.docx.pdf\">Code de bonne conduite et r\u00e8glement<\/a><\/p>\n\n\n\n<p><a href=\"https:\/\/ussacyclo.fr\/wp-content\/uploads\/2024\/07\/Autorisations.pdf\">Autorisations<\/a><\/p>\n","protected":false},"excerpt":{"rendered":"<p>Lien pour une inscription en ligne via le site internet MonClub :https:\/\/ussa.monclub.app\/subscription\/6262d65d147e440021595981 Saison 2025\/26 : documents \u00e0 t\u00e9l\u00e9charger Dossier d&rsquo;inscription adultes Bulletin d&rsquo;adh\u00e9sion R\u00e9sum\u00e9 notice d&rsquo;information assurance \u00e0 signer Questionnaire de sant\u00e9 Dossier d&rsquo;inscription \u00e9cole VTT Bulletin d&rsquo;adh\u00e9sion R\u00e9sum\u00e9 notice&hellip;  <\/p>\n<p class=\"more-link\"><a href=\"https:\/\/ussacyclo.fr\/?page_id=786\">Lire la suite <span class=\"meta-nav\">&rarr;<\/span><\/a><\/p>\n","protected":false},"author":3,"featured_media":0,"parent":0,"menu_order":0,"comment_status":"closed","ping_status":"closed","template":"","meta":{"footnotes":""},"class_list":["post-786","page","type-page","status-publish","hentry"],"_links":{"self":[{"href":"https:\/\/ussacyclo.fr\/index.php?rest_route=\/wp\/v2\/pages\/786","targetHints":{"allow":["GET"]}}],"collection":[{"href":"https:\/\/ussacyclo.fr\/index.php?rest_route=\/wp\/v2\/pages"}],"about":[{"href":"https:\/\/ussacyclo.fr\/index.php?rest_route=\/wp\/v2\/types\/page"}],"author":[{"embeddable":true,"href":"https:\/\/ussacyclo.fr\/index.php?rest_route=\/wp\/v2\/users\/3"}],"replies":[{"embeddable":true,"href":"https:\/\/ussacyclo.fr\/index.php?rest_route=%2Fwp%2Fv2%2Fcomments&post=786"}],"version-history":[{"count":97,"href":"https:\/\/ussacyclo.fr\/index.php?rest_route=\/wp\/v2\/pages\/786\/revisions"}],"predecessor-version":[{"id":4233,"href":"https:\/\/ussacyclo.fr\/index.php?rest_route=\/wp\/v2\/pages\/786\/revisions\/4233"}],"wp:attachment":[{"href":"https:\/\/ussacyclo.fr\/index.php?rest_route=%2Fwp%2Fv2%2Fmedia&parent=786"}],"curies":[{"name":"wp","href":"https:\/\/api.w.org\/{rel}","templated":true}]}}